the remainder when 37576698 is divided by 46?
34
What is the remainder when 194420 is divided by 335?
120
Calculate the remainder when 142010 is divided by 1065.
365
What is the remainder when 45518 is divided by 11307?
290
Calculate the remainder when 223488944 is divided by 40.
24
What is the remainder when 5482730 is divided by 203064?
2
Calculate the remainder when 4903509 is divided by 692.
689
What is the remainder when 2653710 is divided by 204131?
7
Calculate the remainder when 77074 is divided by 8249.
2833
Calculate the remainder when 644313767 is divided by 73.
72
What is the remainder when 244867 is divided by 12886?
33
Calculate the remainder when 264385 is divided by 1078.
275
What is the remainder when 24904 is divided by 719?
458
Calculate the remainder when 32063934 is divided by 32063911.
23
Calculate the remainder when 20282 is divided by 2926.
2726
Calculate the remainder when 1941312 is divided by 2117.
23
Calculate the remainder when 2752 is divided by 2250.
502
What is the remainder when 44538204 is divided by 56?
4
What is the remainder when 3397636 is divided by 57?
37
Calculate the remainder when 770982 is divided by 9518.
24
Calculate the remainder when 651187 is divided by 93020.
47
What is the remainder when 32528877 is divided by 16?
13
What is the remainder when 56067 is divided by 22?
11
What is the remainder when 59803 is divided by 197?
112
Calculate the remainder when 24615 is divided by 24595.
20
What is the remainder when 1024783 is divided by 2050?
1833
What is the remainder when 1754764 is divided by 22211?
95
What is the remainder when 1089134 is divided by 130?
124
Calculate the remainder when 10259670 is divided by 3516.
3498
What is the remainder when 508529 is divided by 1013?
3
Calculate the remainder when 2510092 is divided by 433.
424
Calculate the remainder when 1706896 is divided by 1344.
16
Calculate the remainder when 1326408 is divided by 11840.
328
Calculate the remainder when 1564729 is divided by 782351.
27
What is the remainder when 100658 is divided by 5259?
737
What is the remainder when 362263 is divided by 8049?
58
Calculate the remainder when 84017230 is divided by 234.
232
What is the remainder when 91573 is divided by 85?
28
Calculate the remainder when 5421010 is divided by 100389.
4
What is the remainder when 2072104 is divided by 2072043?
61
Calculate the remainder when 10186284 is divided by 243.
210
What is the remainder when 31410850 is divided by 83?
81
What is the remainder when 2205059 is divided by 10304?
3
Calculate the remainder when 74729 is divided by 14869.
384
Calculate the remainder when 6242272 is divided by 1162.
8
What is the remainder when 364440 is divided by 91?
76
What is the remainder when 1625690 is divided by 906?
326
Calculate the remainder when 1067136 is divided by 532306.
2524
Calculate the remainder when 9978 is divided by 8862.
1116
What is the remainder when 19235 is divided by 143?
73
What is the remainder when 237662 is divided by 286?
282
Calculate the remainder when 37185880 is divided by 1092.
4
What is the remainder when 10006 is divided by 1241?
78
What is the remainder when 368571 is divided by 121455?
4206
Calculate the remainder when 124699636 is divided by 17.
12
Calculate the remainder when 324833966 is divided by 46.
44
What is the remainder when 2293143 is divided by 109193?
90
What is the remainder when 119100 is divided by 290?
200
What is the remainder when 54731 is divided by 37?
8
What is the remainder when 168943 is divided by 109?
102
Calculate the remainder when 2760186 is divided by 1082.
4
What is the remainder when 251863 is divided by 34594?
9705
What is the remainder when 75791354 is divided by 71?
61
What is the remainder when 1651010 is divided by 150091?
9
Calculate the remainder when 115691 is divided by 198.
59
Calculate the remainder when 8772575 is divided by 156653.
7
What is the remainder when 135348 is divided by 42?
24
Calculate the remainder when 1473986 is divided by 368490.
26
Calculate the remainder when 13819958 is divided by 39.
35
What is the remainder when 66680584 is divided by 2331?
2329
What is the remainder when 53730390 is divided by 6?
0
What is the remainder when 26515566 is divided by 114?
78
What is the remainder when 103913962 is divided by 13?
9
Calculate the remainder when 13807 is divided by 1357.
237
What is the remainder when 62150563 is divided by 5680?
3
Calculate the remainder when 187748 is divided by 979.
759
Calculate the remainder when 6383670 is divided by 45925.
95
Calculate the remainder when 470758 is divided by 18101.
132
Calculate the remainder when 17114637 is divided by 6.
3
Calculate the remainder when 406631 is divided by 6069.
8
Calculate the remainder when 226242 is divided by 110085.
6072
Calculate the remainder when 11837 is divided by 2218.
747
What is the remainder when 3707847 is divided by 741546?
117
What is the remainder when 292887 is divided by 2404?
2003
Calculate the remainder when 33978 is divided by 5600.
378
Calculate the remainder when 666689 is divided by 14184.
41
What is the remainder when 74959 is divided by 11361?
6793
Calculate the remainder when 135784588 is divided by 357.
352
What is the remainder when 416194 is divided by 4907?
4006
Calculate the remainder when 6855417 is divided by 615.
12
What is the remainder when 1004697 is divided by 7554?
15
Calculate the remainder when 23867938 is divided by 261.
10
What is the remainder when 3350060 is divided by 1670?
40
What is the remainder when 268785 is divided by 263?
262
What is the remainder when 3857621 is divided by 10?
1
Calculate the remainder when 2521810 is divided by 34.
30
Calculate the remainder when 275153 is divided by 24449.
6214
What is the remainder when 27707 is divided by 2227?
983
What is the remainder when 82297 is divided by 6827?
373
What is the remainder when 17274267 is divided by 5758079?
30
What is the remainder when 21167 is divided by 18407?
2760
Calculate the remainder when 22637602 is divided by 491.
47
What is the remainder when 7740951 is divided by 832?
23
Calculate the remainder when 74677 is divided by 3961.
3379
Calculate the remainder when 1842535 is divided by 4387.
4382
What is the remainder when 34267956 is divided by 37?
36
Calculate the remainder when 409079 is divided by 120.
119
What is the remainder when 70665062 is divided by 163?
161
Calculate the remainder when 3237236 is divided by 1330.
16
Calculate the remainder when 326803051 is divided by 62.
59
Calculate the remainder when 13752 is divided by 1322.
532
Calculate the remainder when 10387942 is divided by 168.
166
What is the remainder when 33618142 is divided by 3192?
3190
What is the remainder when 358168 is divided by 51?
46
Calculate the remainder when 1033259 is divided by 48949.
5330
Calculate the remainder when 59514075 is divided by 764.
3
What is the remainder when 661340 is divided by 3825?
3440
What is the remainder when 94175 is divided by 31104?
863
Calculate the remainder when 15763783 is divided by 2627295.
13
What is the remainder when 5513242 is divided by 44?
42
What is the remainder when 13756 is divided by 4576?
28
What is the remainder when 141263 is divided by 27801?
2258
What is the remainder when 221148 is divided by 44115?
573
What is the remainder when 26193606 is divided by 14?
12
Calculate the remainder when 37943953 is divided by 21.
19
What is the remainder when 629951398 is divided by 721?
720
What is the remainder when 1072077 is divided by 28?
13
Calculate the remainder when 251281 is divided by 2538.
19
Calculate the remainder when 1051596 is divided by 131341.
868
What is the remainder when 341891 is divided by 1132?
27
Calculate the remainder when 794593087 is divided by 337.
333
Calculate the remainder when 689523 is divided by 235.
33
What is the remainder when 64701 is divided by 383?
357
Calculate the remainder when 4063258 is divided by 677202.
46
What is the remainder when 3244898 is divided by 2194?
2166
What is the remainder when 203846 is divided by 1341?
14
What is the remainder when 21231500 is divided by 4956?
4952
Calculate the remainder when 2801885 is divided by 13.
8
What is the remainder when 393902 is divided by 15147?
80
What is the rema